 factors of 614776?
2, 76847
List the prime factors of 3682695.
3, 5, 245513
What are the prime factors of 405554?
2, 202777
What are the prime factors of 16381972?
2, 37, 71, 1559
List the prime factors of 76257.
3, 37, 229
What are the prime factors of 7987051?
7987051
List the prime factors of 355613.
199, 1787
List the prime factors of 4699253.
13, 361481
What are the prime factors of 30437041?
79, 385279
What are the prime factors of 7942000?
2, 5, 11, 19
List the prime factors of 552199.
83, 6653
List the prime factors of 434687.
11, 43, 919
List the prime factors of 383015.
5, 76603
What are the prime factors of 1104386?
2, 552193
What are the prime factors of 154036?
2, 97, 397
List the prime factors of 242088.
2, 3, 7, 11, 131
List the prime factors of 4235225.
5, 169409
List the prime factors of 315224.
2, 7, 13, 433
What are the prime factors of 1523167?
29, 53, 991
List the prime factors of 19046.
2, 89, 107
List the prime factors of 22453687.
19, 1181773
List the prime factors of 1732179.
3, 191, 3023
List the prime factors of 4812514.
2, 7, 173, 1987
List the prime factors of 579257.
7, 83, 997
What are the prime factors of 2423109?
3, 13, 62131
List the prime factors of 108626.
2, 7, 7759
List the prime factors of 818131.
83, 9857
List the prime factors of 294385.
5, 7, 13, 647
What are the prime factors of 2719931?
223, 12197
List the prime factors of 288983.
17, 89, 191
What are the prime factors of 44852?
2, 11213
List the prime factors of 242159.
113, 2143
List the prime factors of 3165928.
2, 395741
What are the prime factors of 440572?
2, 11, 17, 19, 31
What are the prime factors of 164853?
3, 13, 1409
What are the prime factors of 1094732?
2, 17, 947
List the prime factors of 201557.
201557
What are the prime factors of 141967?
7, 17, 1193
List the prime factors of 1277241.
3, 7, 60821
What are the prime factors of 13361000?
2, 5, 31, 431
What are the prime factors of 8503098?
2, 3, 1417183
What are the prime factors of 3146972?
2, 17, 46279
List the prime factors of 8974159.
31, 289489
What are the prime factors of 928666?
2, 53, 8761
List the prime factors of 4261742.
2, 1433, 1487
List the prime factors of 6604404.
2, 3, 23, 23929
List the prime factors of 7051782.
2, 3, 1175297
What are the prime factors of 5536089?
3, 13, 47317
List the prime factors of 625425.
3, 5, 31, 269
List the prime factors of 4986103.
4986103
List the prime factors of 4526019.
3, 283, 1777
List the prime factors of 145200.
2, 3, 5, 11
What are the prime factors of 10420398?
2, 3, 19, 30469
What are the prime factors of 1681742?
2, 17, 49463
What are the prime factors of 910077?
3, 7, 41, 151
What are the prime factors of 30898459?
2797, 11047
List the prime factors of 23942083.
11, 283, 7691
What are the prime factors of 4008993?
3, 101, 131
What are the prime factors of 2989306?
2, 53, 28201
List the prime factors of 181466.
2, 41, 2213
What are the prime factors of 5444142?
2, 3, 11, 82487
List the prime factors of 177379.
177379
What are the prime factors of 1591076?
2, 311, 1279
List the prime factors of 281227.
281227
List the prime factors of 56538.
2, 3, 349
What are the prime factors of 157156?
2, 101, 389
What are the prime factors of 102954?
2, 3, 17159
List the prime factors of 15150.
2, 3, 5, 101
List the prime factors of 10373858.
2, 11, 471539
What are the prime factors of 467528?
2, 58441
What are the prime factors of 2101305?
3, 5, 19, 73, 101
What are the prime factors of 2296299?
3, 131, 5843
List the prime factors of 116308.
2, 29077
List the prime factors of 952944.
2, 3, 19853
What are the prime factors of 4115600?
2, 5, 10289
What are the prime factors of 1161706?
2, 7, 13, 491
List the prime factors of 488948.
2, 251, 487
List the prime factors of 709388.
2, 177347
List the prime factors of 934577.
7, 19073
List the prime factors of 729146.
2, 11, 23, 131
List the prime factors of 2896502.
2, 7, 313, 661
List the prime factors of 1250533.
23, 54371
What are the prime factors of 247105?
5, 73, 677
List the prime factors of 7679647.
53, 144899
List the prime factors of 6267937.
13, 23, 20963
List the prime factors of 464113.
13, 19, 1879
What are the prime factors of 2154826?
2, 1077413
What are the prime factors of 191298?
2, 3, 31883
List the prime factors of 1133075.
5, 61, 743
List the prime factors of 73250.
2, 5, 293
What are the prime factors of 85899?
3, 11, 19, 137
List the prime factors of 2125667.
61, 34847
List the prime factors of 237435.
3, 5, 11, 1439
List the prime factors of 624072.
2, 3, 26003
What are the prime factors of 837474?
2, 3, 11, 12689
What are the prime factors of 38363?
13, 227
List the prime factors of 9902995.
5, 23, 86113
List the prime factors of 566589.
3, 188863
List the prime factors of 301596.
2, 3, 41, 613
List the prime factors of 3366248.
2, 420781
List the prime factors of 141133.
107, 1319
List the prime factors of 4757349.
3, 37, 42859
What are the prime factors of 531324?
2, 3, 14759
What are the prime factors of 16393351?
13, 181, 6967
List the prime factors of 319457.
61, 5237
List the prime factors of 2589188.
2, 7, 89, 1039
What are the prime factors of 385154?
2, 7, 11, 41, 61
What are the prime factors of 181466?
2, 41, 2213
List the prime factors of 4109048.
2, 513631
List the prime factors of 50260.
2, 5, 7, 359
List the prime factors of 6767390.
2, 5, 7, 1973
What are the prime factors of 212996?
2, 7, 7607
List the prime factors of 189761.
11, 13, 1327
What are the prime factors of 575549?
13, 44273
List the prime factors of 6202565.
5, 541, 2293
What are the prime factors of 3523889?
181, 19469
What are the prime factors of 25958950?
2, 5, 23, 22573
What are the prime factors of 1085120?
2, 5, 3391
What are the prime factors of 32621?
32621
What are the prime factors of 14006384?
2, 7, 79, 1583
List the prime factors of 108043.
13, 8311
What are the prime factors of 144002?
2, 89, 809
List the prime factors of 4091568.
2, 3, 13, 79, 83
What are the prime factors of 343432?
2, 42929
List the prime factors of 33203939.
33203939
What are the prime factors of 16183750?
2, 5, 11, 107
What are the prime factors of 1309752?
2, 3, 18191
List the prime factors of 3333302.
2, 7, 238093
What are the prime factors of 1600198?
2, 59, 71, 191
List the prime factors of 1263492.
2, 3, 11699
What are the prime factors of 15165827?
257, 59011
What are the prime factors of 6735782?
2, 83, 40577
What are the prime factors of 1436757?
3, 7, 31, 2207
List the prime factors of 1265410.
2, 5, 126541
What are the prime factors of 576846?
2, 3, 73, 439
List the prime factors of 339450.
2, 3, 5, 31, 73
What are the prime factors of 11615844?
2, 3, 79, 12253
What are the prime factors of 7608019?
167, 45557
List the prime factors of 25095460.
2, 5, 13, 263, 367
List the prime factors of 421694.
2, 7, 13, 331
List the prime factors of 5478857.
71, 77167
What are the prime factors of 9787969?
9787969
What are the prime factors of 2584401?
3, 379, 2273
List the prime factors of 1923385.
5, 313, 1229
What are the prime factors of 4337330?
2, 5, 103, 4211
List the prime factors of 16786574.
2, 7, 881, 1361
List the prime factors of 1815299.
61, 29759
What are the prime factors of 4564544?
2, 73, 977
List the prime factors of 409050.
2, 3, 5, 101
List the prime factors of 1025396.
2, 256349
List the prime factors of 1087767.
3, 120863
What are the prime factors of 1471561?
7, 13, 103, 157
What are the prime factors of 469350?
2, 3, 5, 7, 149
What are the prime factors of 11848327?
29, 408563
List the prime factors of 11253818.
2, 5626909
List the prime factors of 343844.
2, 67, 1283
List the prime factors of 454323.
3, 37, 4093
What are the prime factors of 2343619?
2343619
What are the prime factors of 1372644?
2, 3, 7, 13, 419
What are the prime factors of 481791?
3, 41, 3917
List the prime factors of 3194886.
2, 3, 647, 823
List the prime factors of 351888.
2, 3, 7331
What are the prime factors of 203808?
2, 3, 11, 193
List the prime factors of 3830460.
2, 3, 5, 63841
List the prime factors of 33205267.
17, 67, 29153
What are the prime factors of 649406?
2, 61, 5323
What are the prime factors of 11485799?
13, 37, 23879
What are the prime factors of 6951541?
6951541
What are the prime factors